is -202112 (base 3) in base 4?
-20222
122303 (base 5) to base 11
3596
What is -165 (base 12) in base 10?
-221
Convert -3057 (base 11) to base 14.
-1699
Convert -19e7 (base 16) to base 15.
-1e71
What is 101010011 (base 2) in base 8?
523
What is -2678 (base 10) in base 6?
-20222
What is -16668 (base 13) in base 14?
-11883
What is 363 (base 8) in base 9?
300
-1100011101 (base 2) to base 3
-1002112
Convert 20a22 (base 13) to base 12.
2a074
244 (base 7) to base 13
a0
What is 40e4 (base 15) in base 6?
143254
-11200220 (base 3) to base 10
-3426
Convert 10020120 (base 3) to base 2.
100100111100
Convert 171 (base 14) to base 12.
207
Convert -201263 (base 7) to base 15.
-a185
8542 (base 12) to base 6
151322
What is 112152 (base 6) in base 15?
2c82
What is -210110122 (base 3) in base 11?
-10838
Convert 100100011011 (base 2) to base 15.
a56
What is -870 (base 14) in base 10?
-1666
-1100010100111 (base 2) to base 4
-1202213
153112 (base 7) to base 2
111010011001011
11000111 (base 2) to base 11
171
7601 (base 8) to base 16
f81
What is -1000111 (base 3) in base 5?
-10432
What is -e8bb (base 15) in base 12?
-245a2
What is -158 (base 10) in base 12?
-112
Convert 597b (base 12) to base 4.
2130233
What is 1939 (base 11) in base 3?
10101012
-10110100110011 (base 2) to base 9
-16776
-52 (base 8) to base 9
-46
-10000001010001 (base 2) to base 14
-302d
What is 3434 (base 5) in base 6?
2142
What is -4533 (base 16) in base 4?
-10110303
What is -10011100110 (base 2) in base 5?
-20004
What is -66731 (base 10) in base 15?
-14b8b
What is -14786 (base 13) in base 5?
-2214032
-d950 (base 14) to base 16
-9282
What is -114 (base 13) in base 11?
-15a
22188 (base 13) to base 15
1349c
Convert 4572 (base 10) to base 4.
1013130
Convert -23012 (base 4) to base 10.
-710
-2b373 (base 12) to base 8
-167107
-101010001100 (base 2) to base 6
-20300
What is -31122 (base 4) in base 6?
-3550
What is 60a (base 16) in base 6?
11054
-11352 (base 8) to base 4
-1023222
-50346 (base 7) to base 10
-12186
Convert -24126 (base 8) to base 5.
-312301
Convert -164455 (base 7) to base 15.
-9ad1
3611 (base 8) to base 2
11110001001
Convert -1838 (base 14) to base 6.
-32110
Convert 1c815 (base 13) to base 6.
1112343
What is c4 (base 16) in base 6?
524
Convert 50a (base 16) to base 10.
1290
Convert 210343 (base 7) to base 11.
25213
1033 (base 6) to base 2
11101101
1020 (base 3) to base 6
53
What is 1a9c (base 15) in base 7?
22554
What is 214b (base 15) in base 9?
10588
What is -12296 (base 13) in base 15?
-9d7b
-328 (base 10) to base 3
-110011
What is -26a1 (base 13) in base 11?
-4186
4694 (base 10) to base 16
1256
What is -40b (base 12) in base 8?
-1113
Convert -416d (base 15) to base 4.
-3120010
211 (base 5) to base 11
51
Convert -2329 (base 10) to base 3.
-10012021
Convert 11001001 (base 2) to base 6.
533
What is 10531 (base 9) in base 7?
26251
-3057 (base 8) to base 15
-708
-1321013 (base 4) to base 7
-31412
-37a (base 11) to base 12
-316
33514 (base 6) to base 4
1021312
What is 71128 (base 10) in base 13?
264b5
-5545 (base 11) to base 13
-3433
What is 218 (base 10) in base 2?
11011010
-1c7 (base 15) to base 11
-345
-42211 (base 5) to base 15
-c71
-10210122 (base 3) to base 4
-223103
-50047 (base 8) to base 10
-20519
Convert b719 (base 12) to base 3.
1000111010
What is 2112112 (base 3) in base 5?
24400
-30252 (base 6) to base 14
-1652
4166 (base 7) to base 11
1116
What is 1001100110 (base 2) in base 6?
2502
Convert -1be0 (base 16) to base 4.
-1233200
-320 (base 4) to base 2
-111000
20002 (base 6) to base 14
d34
1519 (base 12) to base 4
212211
Convert -3a29 (base 15) to base 3.
-122000210
Convert -122014 (base 5) to base 4.
-1020122
-5949 (base 10) to base 16
-173d
What is 269b (base 14) in base 12?
3b29
21013 (base 4) to base 14
2d9
-1100010011001001 (base 2) to base 8
-142311
-995 (base 10) to base 8
-1743
-3568 (base 11) to base 14
-19ba
Convert -b107 (base 12) to base 9.
-28247
Convert -1eb (base 15) to base 6.
-2022
What is 11b1 (base 12) in base 9?
2667
Convert -26014 (base 7) to base 13.
-3187
-2462 (base 8) to base 4
-110302
1022311 (base 4) to base 7
16651
What is 202020 (base 3) in base 15?
266
Convert 642 (base 12) to base 15.
40e
What is -12010 (base 3) in base 12?
-b6
What is -43410 (base 5) in base 16?
-ba4
What is 13163 (base 8) in base 6?
42335
-6d95 (base 15) to base 10
-23315
3869 (base 16) to base 15
442b
-124421 (base 5) to base 4
-1031322
-c44c (base 13) to base 9
-41155
Convert -13a8 (base 11) to base 8.
-3424
-24021 (base 5) to base 12
-1029
101101000 (base 2) to base 10
360
-10111111110 (base 2) to base 3
-2002211
What is -467 (base 8) in base 5?
-2221
What is 240130 (base 5) in base 7?
34425
Convert -136122 (base 8) to base 4.
-23301102
What is 193 (base 15) in base 5?
2423
Convert 12402 (base 6) to base 13.
b12
52750 (base 9) to base 3
1202211200
18741 (base 9) to base 14
4a45
Convert 2863 (base 12) to base 7.
16440
Convert ec (base 15) to base 5.
1342
Convert -514d (base 14) to base 16.
-36a1
Convert -10001010100100 (base 2) to base 7.
-34566
-19c4 (base 13) to base 8
-7446
What is 1004241 (base 5) in base 8?
37504
57 (base 13) to base 15
4c
Convert -1444 (base 12) to base 7.
-6604
Convert 1152304 (base 6) to base 12.
2b694
Convert 686 (base 11) to base 4.
30310
What is -4113201 (base 5) in base 10?
-66676
Convert -10011 (base 4) to base 15.
-126
Convert 21cb5 (base 13) to base 7.
344200
Convert 11889 (base 16) to base 6.
1312253
Convert 324 (base 12) to base 7.
1225
What is 790 (base 15) in base 14?
8a2
-1010011001010 (base 2) to base 16
-14ca
What is 1a7 (base 13) in base 14?
17c
What is -1201001011 (base 3) in base 13?
-1237c
Convert 1563b (base 12) to base 15.
8e92
-2673 (base 12) to base 14
-186b
178 (base 16) to base 3
111221
Convert 8872 (base 12) to base 2.
11101011010110
What is -26537 (base 10) in base 2?
-110011110101001
What is -22001 (base 6) in base 15?
-d6a
What is -3 (base 7) in base 13?
-3
What is 12a13 (base 11) in base 9?
27365
Convert -14013 (base 7) to base 2.
-111011000111
Convert 59 (base 16) to base 4.
1121
3 (base 8) to base 3
10
Convert -34b (base 13) to base 15.
-280
8 (base 15) to base 4
20
What is -12165 (base 7) in base 4?
-301233
Convert 1101011000110110 (base 2) to base 11.
38223
-1013 (base 8) to base 16
-20b
What is 74266 (base 8) in base 11?
21243
100000010110 (base 2) to base 9
2750
What is bd (base 16) in base 8?
275
Convert -12002120 (base 3) to base 6.
-25110
1145520 (base 6) to base 12
2b2a0
What is 222 (base 16) in base 13?
330
What is -14392 (base 10) in base 12?
-83b4
Convert 11501 (base 8) to base 11.
3781
What is 100122112 (base 3) in base 10?
7034
-b19 (base 16) to base 5
-42331
What is -6001 (base 7) in base 14?
-a71
What is 2052 (base 6) in base 8?
720
199a3 (base 12) to base 9
56646
What is -1034331 (base 6) in base 15?
-1040a
Convert -10002 (base 4) to base 6.
-1110
What is -4003 (base 5) in base 13?
-2c9
74c (base 15) to base 9
2230
7561 (base 9) to base 15
19ad
4a8 (base 11) to base 4
21122
What is 19 (base 16) in base 6?
41
-220112121 (base 3) to base 4
-10113202
-10522 (base 11) to base 8
-35646
What is -17275 (base 8) in base 15?
-24e9
What is -2304 (base 12) in base 2?
-111100110100
Convert 11101011111 (base 2) to base 16.
75f
-2142 (base 7) to base 5
-11030
Convert -375 (base 10) to base 16.
-177
What is 31222 (base 4) in base 7?
2356
What is 214 (base 13) in base 15?
18a
-2295 (base 13) to base 14
-1aaa
What is -780 (base 11) in base 16?
-3a7
What is 3554 (base 14) in base 11?
6a82
-49b (base 16) to base 13
-6c9
What is 914 (base 12) in base 4?
110200
What is 45342 (base 8) in base 7?
106614
-45240 (base 7) to base 11
-8665
What is -899 (base 11) in base 6?
-4552
What is 130251 (base 6) in base 8?
26767
What is -189e (base 15) in base 11?
-4000
Convert 1d61 (base 14) to base 15.
18d7
15017 (base 8) to base 10
6671
Convert -13132 (base 5) to base 12.
-72a
Convert -449 (base 13) to base 2.
-1011100001
Convert -2 (base 5) to base 16.
-2
Convert -10524 (base 8) to base 2.
-1000101010100
Convert -2250 (base 6) to base 9.
-653
Convert -ce3 (base 15) to base 11.
-2209
What is 3332 (base 8) in base 14?
8d4
1022021002 (base 3) to base 16
646a
Convert -45253 (base 6) to base 9.
-8656
-1668 (base 12) to base 2
-101001110000
Wh